st common factor of 4691892 and 1236.
12
Calculate the highest common factor of 135 and 280962.
27
What is the greatest common factor of 384029226 and 2089?
2089
What is the greatest common factor of 10 and 8600545?
5
What is the greatest common factor of 2529 and 8315633?
281
What is the greatest common divisor of 13038 and 15396?
6
What is the greatest common divisor of 9946287 and 804960?
5031
Calculate the greatest common divisor of 20620800 and 54.
18
What is the greatest common factor of 29028 and 520616?
236
What is the highest common factor of 2877455 and 25270?
665
What is the greatest common factor of 467303340 and 1295?
1295
What is the highest common divisor of 213056 and 38336?
64
Calculate the greatest common divisor of 56 and 276776.
8
What is the highest common divisor of 1001209190 and 10?
10
Calculate the greatest common factor of 12696 and 630936.
552
What is the highest common divisor of 1220 and 37653340?
20
Calculate the highest common factor of 3864933 and 357.
51
What is the greatest common factor of 932024 and 2232?
8
Calculate the greatest common factor of 12670415 and 790.
395
What is the highest common divisor of 12516 and 18762676?
596
Calculate the highest common factor of 6596 and 526796.
68
Calculate the greatest common factor of 253359508 and 4.
4
What is the highest common divisor of 48252572 and 16564?
164
What is the greatest common factor of 8857 and 33214271?
521
Calculate the highest common divisor of 940 and 401709940.
940
Calculate the highest common divisor of 201 and 208986.
3
Calculate the greatest common factor of 69825 and 64345134.
2793
Calculate the greatest common divisor of 38352 and 12586929.
141
What is the highest common factor of 11811 and 3678987?
93
What is the greatest common factor of 27900938 and 104?
26
What is the highest common divisor of 80248 and 1764?
28
Calculate the highest common factor of 35906 and 86294.
26
What is the highest common divisor of 107 and 696519389?
107
Calculate the highest common divisor of 434025 and 1161.
27
What is the greatest common factor of 239906340 and 30?
30
Calculate the highest common factor of 22548234 and 46.
46
What is the greatest common divisor of 592 and 241184?
16
Calculate the highest common divisor of 112 and 1750352.
16
What is the greatest common factor of 1414688 and 528?
176
Calculate the highest common factor of 1539 and 147774780.
1539
What is the highest common divisor of 29869 and 47668?
17
What is the highest common factor of 1545926961 and 47?
47
What is the greatest common factor of 10 and 1103806790?
10
What is the greatest common divisor of 665 and 34046005?
665
Calculate the greatest common factor of 586 and 170560867.
293
What is the greatest common divisor of 36205019 and 1731?
577
Calculate the greatest common divisor of 22983 and 22123464.
141
What is the greatest common factor of 1596 and 2441652?
228
What is the greatest common divisor of 47967 and 467634?
177
What is the highest common divisor of 28392 and 322954944?
4056
What is the highest common divisor of 1660771 and 41496?
133
Calculate the greatest common divisor of 33564 and 13644.
12
Calculate the highest common factor of 204 and 100842.
6
Calculate the greatest common divisor of 9924 and 18276.
12
Calculate the highest common divisor of 4360243 and 326585.
1333
Calculate the highest common factor of 984 and 5388.
12
What is the highest common divisor of 3809673922 and 146?
146
What is the greatest common factor of 795 and 16792755?
15
Calculate the greatest common divisor of 50634 and 2115.
9
What is the greatest common factor of 243366179 and 226?
113
Calculate the highest common divisor of 175836 and 4122.
6
What is the greatest common factor of 16923312 and 180?
36
Calculate the greatest common divisor of 664 and 4352686.
166
Calculate the greatest common factor of 190 and 5962770.
190
Calculate the highest common divisor of 22 and 47991625.
11
What is the highest common factor of 7192 and 2503808?
248
What is the highest common divisor of 72 and 1977804?
36
What is the greatest common factor of 426667 and 1048?
131
Calculate the highest common divisor of 377 and 36950669.
29
Calculate the highest common factor of 22726587 and 39.
39
What is the greatest common divisor of 384 and 96346032?
48
What is the greatest common divisor of 32504117 and 1297?
1297
Calculate the greatest common divisor of 55 and 5681181.
11
Calculate the greatest common factor of 674338 and 57281.
343
What is the highest common factor of 5 and 8578682?
1
Calculate the highest common divisor of 1350 and 498491550.
1350
What is the greatest common divisor of 103775818 and 298?
298
What is the greatest common factor of 5018144 and 24848?
16
What is the highest common divisor of 183534 and 15239838?
1086
Calculate the highest common divisor of 5754 and 1167651.
411
Calculate the greatest common factor of 79 and 23142102.
79
What is the highest common divisor of 401361 and 43419?
1059
Calculate the highest common factor of 513 and 5095534.
19
What is the greatest common divisor of 1464 and 711192656?
488
What is the highest common factor of 682310 and 1280?
10
What is the highest common factor of 7758 and 1490829?
1293
Calculate the greatest common factor of 14400 and 103856.
16
What is the greatest common divisor of 150 and 10274575?
25
What is the greatest common divisor of 5568 and 353452?
116
What is the greatest common divisor of 5069 and 1692602?
37
Calculate the greatest common factor of 1127 and 31087.
7
What is the highest common divisor of 2319218 and 2079?
11
What is the highest common factor of 657 and 3572676?
9
What is the highest common divisor of 82 and 319076022?
82
What is the greatest common divisor of 85238 and 13994672?
782
What is the greatest common divisor of 1665457 and 712?
89
Calculate the greatest common factor of 318 and 1415790060.
318
Calculate the highest common divisor of 488 and 5174776.
8
Calculate the highest common factor of 179171590 and 195.
65
Calculate the greatest common factor of 64828 and 2841343.
853
What is the highest common factor of 3709434 and 255456?
5322
What is the highest common divisor of 126175 and 8821435?
3605
What is the highest common factor of 12615692 and 32?
4
What is the highest common factor of 80731012 and 92?
92
Calculate the greatest common factor of 7093240 and 1439375.
11515
Calculate the highest common divisor of 1305704 and 2392832.
5752
What is the highest common factor of 21 and 473460099?
21
What is the highest common factor of 12595077 and 39933?
261
Calculate the greatest common divisor of 195 and 271513905.
195
What is the greatest common divisor of 921213344 and 8?
8
What is the highest common divisor of 46649863 and 1469?
13
Calculate the highest common divisor of 6110 and 39212147.
611
What is the greatest common factor of 2392 and 106249?
13
What is the greatest common divisor of 684 and 174515?
19
Calculate the greatest common factor of 160430 and 530.
10
Calculate the highest common divisor of 23620999 and 107.
107
Calculate the highest common factor of 303 and 1127568.
3
Calculate the highest common divisor of 9821 and 81401572.
427
Calculate the greatest common divisor of 14046264 and 72.
72
What is the greatest common factor of 76109 and 2271319?
629
Calculate the greatest common factor of 35866361 and 23.
23
What is the highest common factor of 3458 and 15945826?
494
Calculate the greatest common divisor of 16109 and 111161.
89
What is the highest common factor of 5 and 2757845?
5
Calculate the greatest common divisor of 296 and 202856.
8
Calculate the greatest common divisor of 43581 and 8249.
73
Calculate the highest common factor of 13155572 and 193312.
3452
Calculate the highest common factor of 18126 and 301097028.
6042
What is the greatest common factor of 52982 and 132006?
898
Calculate the greatest common factor of 33367 and 461648.
61
What is the greatest common factor of 22237106 and 1333?
1333
What is the highest common divisor of 910 and 38293528?
182
What is the greatest common divisor of 2375 and 42579475?
475
Calculate the highest common factor of 1471986412 and 884.
884
What is the highest common factor of 1824 and 304752096?
1824
Calculate the greatest common factor of 4051980 and